n - 44 - 26. Suppose -5*q + 0*q + n = 0. Calculate the remainder when 8 is divided by (-7)/(q/(-6)) - 1.
3
Calculate the remainder when (-5)/(10/6) + 54 is divided by 18.
15
Let z = 3 - 2. Suppose -s - z = -2*s. What is the remainder when 35/s*(-15)/(-25) is divided by 11?
10
Let v = 37 - 5. Let d = v - 26. Calculate the remainder when d is divided by 2.
0
Let w(q) = q**3 - q**2 - 12*q + 10. What is the remainder when 26 is divided by w(4)?
6
Suppose -2 = t + 3*j, -45 = -6*t + t - 4*j. Let v = 27 + -22. Calculate the remainder when t is divided by v.
3
Let r(q) = -5*q**2 - 4*q + 1. Let y(n) = n**2. Let u(s) = -r(s) - 4*y(s). What is the remainder when 6 is divided by u(-5)?
2
Calculate the remainder when 27 is divided by (-6)/(-5)*(-75)/(-6).
12
Let s(h) = 3*h**2 + 2*h + 5. Calculate the remainder when s(-4) is divided by 16.
13
Let n = 30 - 13. Let p be -3 + 5 + -4 + 5. Suppose -62 = -p*a - n. Calculate the remainder when 42 is divided by a.
12
Calculate the remainder when (79 - 13) + -4 + 1 is divided by 22.
19
Let n(h) = h**3 - 3*h**2 - 5*h**3 - 2*h + h**3. Let q = -192 + 238. What is the remainder when q is divided by n(-2)?
14
Let i(p) = -p**3 + 5*p**2 + p - 2. Let s be i(5). Suppose 2*a - 21 = -4*h + s*a, 2*h - 14 = 4*a. What is the remainder when 9 is divided by h?
4
Let u(f) = -f - 1. Let i be u(3). Let y = 16 + i. What is the remainder when 45 is divided by y?
9
Suppose -7*w = -3*w + 80. Calculate the remainder when 38 is divided by (-3)/(2/w*3).
8
Let i(k) = 5*k - 31. Calculate the remainder when 18 is divided by i(7).
2
Calculate the remainder when 546/(-28)*8/(-3) is divided by 27.
25
Suppose -g - 35 = 67. Let c = g - -166. Calculate the remainder when c is divided by 17.
13
Suppose -o + 16 = x - 2*x, -4*x - 45 = -3*o. Suppose -5*f - 275 = -10*f. What is the remainder when f is divided by o?
17
Let b = 4 - 1. Suppose y - b = 9. Calculate the remainder when y is divided by ((-6)/(-9))/(4/42).
5
Let i be (-7 - 0)/(1/3). Let m be i/9 - (-1)/3. Calculate the remainder when 32 is divided by 10 - (1 + m*1).
10
Let t(p) be the first derivative of -37*p**4/4 - p**3/3 + p**2/2 - p - 3. Let c be t(1). Calculate the remainder when 23 is divided by 1/(-3) - c/6.
5
Suppose -4*i = 8 + 4, 3*i = 2*q - 27. Let d be (0 + 3/q)*-6. What is the remainder when 0 - 6/d - -38 is divided by 11?
8
Let o be ((-136)/(-12))/((-2)/(-3)). Let r = 46 - o. What is the remainder when 55 is divided by r?
26
Suppose 8*d - 2*p + 81 = 9*d, -4*d + 304 = -2*p. What is the remainder when d is divided by 10?
7
Calculate the remainder when ((-1830)/75)/(4/(-10)) is divided by 16.
13
Let p(q) = q**3 - q**2 + 9. Let n be p(0). Let m(b) = -b**2 + 10*b + 8. Calculate the remainder when 65 is divided by m(n).
14
Suppose 3*p = 12, -c - 2*p + 121 = -0*p. What is the remainder when c is divided by 23?
21
Let j = -85 - -149. What is the remainder when j is divided by 22?
20
Suppose 4*y + y - 15 = 0. Calculate the remainder when y is divided by 2.
1
Suppose o - 1 = 11. What is the remainder when 57 is divided by o?
9
Suppose -94 = -0*r - 2*r. Calculate the remainder when r is divided by ((-169)/(-26))/((-2)/(-4)).
8
Let p(m) = m + 11. Suppose -28 = -2*q + 38. What is the remainder when q is divided by p(6)?
16
Let r(p) = -13*p + 3. What is the remainder when 56 is divided by r(-2)?
27
Suppose 0 = -4*y - 0*y + 20. Let z = -9 - 0. Let i = 18 + z. What is the remainder when i is divided by y?
4
Let t be (2 + 19 + -1)*2. Let s be 30/25*t/3. Calculate the remainder when s*-1*3/(-6) is divided by 5.
3
Suppose -6*f - 5*w = -4*f + 1, -4*f = 3*w + 9. Calculate the remainder when f*(-38)/12*2 is divided by 10.
9
Suppose -152 = -3*v + 370. What is the remainder when v is divided by 36?
30
Suppose 4*u - 9*u + 60 = 0. Calculate the remainder when u is divided by 7.
5
Suppose -3*d + 50 = 2*q, -8*q + 4*q + d + 100 = 0. Calculate the remainder when 91 is divided by q.
16
Let n(z) be the first derivative of 2*z**2 + 2*z + 3. What is the remainder when 28 is divided by n(2)?
8
Let l(i) = 8*i**2 - 2*i - 1. Let c be l(-1). Let y(s) = s**3 - 10*s**2 + 9*s + 12. What is the remainder when 22 is divided by y(c)?
10
Let m(v) = v**3 - 7*v**2 - v + 9. Let y be m(7). Suppose 5*d = -y*n + 45, n = -n - 2*d + 42. Let t = n + -9. What is the remainder when 31 is divided by t?
9
What is the remainder when 47 is divided by 2 + (9 - -1)*2/4?
5
Suppose -11 = -4*q - 3. Suppose q*r = 3*i - 203, r + r = 4*i - 268. Calculate the remainder when i is divided by 22.
21
Let w = -14 + 25. Calculate the remainder when 32 is divided by w.
10
What is the remainder when 34 is divided by 3 + (6/3 - -7)?
10
Suppose -11 = 4*w - 47. Let d be (-9)/(-15) + (-2)/(-5). Calculate the remainder when w is divided by -1 + 1/d + 5.
4
Suppose 4*k - 501 = 259. Suppose -h = h + k. Let o = -38 - h. What is the remainder when o is divided by 15?
12
Suppose -22*g = -21*g - 11. Let a(u) = 32*u**2 + u. What is the remainder when a(-1) is divided by g?
9
Let p be 10/4 + (-6)/(-4). Suppose -p*b + 40 = -0*b. Calculate the remainder when b is divided by 3.
1
Suppose 5*i - 14 + 9 = 0. Calculate the remainder when 17 + i/(-4)*0 is divided by 4.
1
Suppose 3*a + 16 = 4*a. Calculate the remainder when 61 is divided by a.
13
Let l(w) = -w**3 - 3*w**2 + 7*w - 2. Let h(o) be the first derivative of -o**3/3 - 7*o**2/2 + 2*o - 2. Calculate the remainder when l(-5) is divided by h(-6).
5
Suppose 54*s = 49*s + 135. Calculate the remainder when s is divided by 10.
7
Let a(y) = 2*y**3 - 10*y**2 + 8*y - 11. Calculate the remainder when 56 is divided by a(5).
27
Suppose -2*g + 2 = -12. Let b = 13 + g. Calculate the remainder when 78 is divided by b.
18
Let k = 43 + -31. Suppose -5*q = -2*r + 80, 0 = 5*r - r + 5*q - 190. What is the remainder when r is divided by k?
9
Let t(y) = -137*y + 11. Calculate the remainder when t(-2) is divided by 48.
45
Let t = 64 + -10. Suppose 8*x - 10*x = -28. Calculate the remainder when t is divided by x.
12
Let d be ((-114)/(-5))/((-6)/20). Let l = 110 + d. Suppose -23 = -2*z - 3*k, l = 4*z + 2*k - 16. What is the remainder when 38 is divided by z?
12
Suppose 4*c - 86 = -q - 31, 4*c - 59 = 3*q. What is the remainder when c is divided by -20*(-3 + (-33)/(-12))?
4
Let j = 3 + 0. Suppose 0*w + j*w = 48. What is the remainder when w is divided by 6?
4
Calculate the remainder when (18/(-12))/((-1)/50) is divided by 19.
18
Let u(w) = -w**2 - 4*w - 1. Let x be u(-3). Let l(t) = -4*t - 7*t**2 + x*t - 5*t - t**3 + 4 + 0*t**3. Calculate the remainder when l(-7) is divided by 14.
11
Suppose -4*q + 260 = q - 5*o, 3*q = 4*o + 159. Suppose 52 = -5*v - 98. Let g = q + v. What is the remainder when 37 is divided by g?
18
Let f(q) = 2*q + 2. Let m be f(0). Calculate the remainder when 27 is divided by (-46)/(-6) + m/(-3).
6
What is the remainder when (-790)/(-11) - 8/(-44) is divided by 25?
22
Let o = 31 + 4. Calculate the remainder when o is divided by 19.
16
Suppose -6 = -3*p, 4*v + 4*p - 9 - 7 = 0. Suppose -8 = -d + 12. Suppose -u + d = 4*g, 6 - 38 = -4*g + v*u. Calculate the remainder when 10 is divided by g.
4
Let l(d) = d**2 + 2*d - 6. Let b(y) = -y**3 + 29*y**2 - 29*y + 44. Calculate the remainder when b(28) is divided by l(-5).
7
Let z = -8 + 11. Suppose 0 = 4*o - z*o - 1. Suppose -2*g + 20 = 4*n, g - n - 3 = -5. What is the remainder when g is divided by o?
0
Let m = -22 - -53. Let n(c) = -3*c + 2. Let v = 3 - 6. What is the remainder when m is divided by n(v)?
9
Let x = -7 + 17. Suppose -5*i = 3*l - 25, -l + x = -2*i + 4*i. What is the remainder when 8 is divided by i?
3
Let r(p) = p**3 + 4*p**2 + 3*p. Let g be r(-2). Let a = 13 + g. Calculate the remainder when 59 is divided by a.
14
Suppose 10 = 6*w - 98. Calculate the remainder when 69 is divided by w.
15
Suppose 2*r - 51 - 7 = 0. What is the remainder when r is divided by 10?
9
Let j(r) = -r**3 - 12*r**2 - 28*r - 4. Suppose 3*h + 21 = -18. Let v = -5 - h. What is the remainder when v is divided by j(-9)?
3
Let o be (0 + -3)*(0 + 1). Let w = 4 + o. What is the remainder when 2 is divided by w?
0
Suppose -t = -4*b - 5*t - 124, 5*t = -4*b - 127. Suppose -18 - 6 = -3*y. What is the remainder when 19 is divided by b/(-6)*12/y?
5
Let o = -10 - -12. Let j(d) = 2*d**3 + 2*d**2 - 2*d - 1. Calcula